{"id":119,"date":"2019-11-15T16:04:29","date_gmt":"2019-11-15T15:04:29","guid":{"rendered":"https:\/\/body4soul.de\/?page_id=119"},"modified":"2023-02-16T21:07:36","modified_gmt":"2023-02-16T20:07:36","slug":"allgemeine-geschaeftsbedigungen","status":"publish","type":"page","link":"https:\/\/body4soul.de\/index.php\/allgemeine-geschaeftsbedigungen\/","title":{"rendered":"AGB"},"content":{"rendered":"<p><strong>Allgemeine Gesch\u00e4ftsbedigungen<\/strong><\/p>\n<p><strong>ANMELDUNGEN<\/strong><\/p>\n<p>Body and Soul\/Ayurveda Kochwelt reserviert nach Ihrer Email-Anmeldung gerne einen verbindlichen Platz. Daraufhin erhalten Sie von uns eine Best\u00e4tigung per Email inklusive der Rechnung bzw. Zahlungsaufforderung. Ihre Anmeldung wird sp\u00e4testens mit Erhalt der Email und Ihrer \u00dcberweisung verbindlich.<\/p>\n<p><strong>ZAHLUNGSBEDINGUNGEN<\/strong><\/p>\n<p>Die Rechnung ist ohne Abzug innerhalb von 7 Tagen nach Erhalt der Best\u00e4tigungs-Email und Rechnung auf dem Konto von Body and Soul zu begleichen.<\/p>\n<p>&nbsp;<\/p>\n<p><strong>STORNIERUNG\/R\u00fccktrittskosten<\/strong><\/p>\n<p>BIS 31 TAGE VOR VERANSTALTUNGSBEGINN: keine R\u00fccktrittskosten<\/p>\n<p>BIS 30 TAGE VOR VERANSTALTUNGSBEGINN: 30%<\/p>\n<p>BIS 10 TAGE VOR VERANTALTUNGSBEGINN: 50%<\/p>\n<p>BIS 3 TAGE VOR VERANTALTUNGSBEGINN: 75%<\/p>\n<p>WENIGER ALS 3 TAGE\/AM TAG DER VERANSTALTUNG: 100%<\/p>\n<p><em>Die Stornierung muss schriftlich erfolgen.<\/em><\/p>\n<p>&nbsp;<\/p>\n<p><strong>UMBUCHUNGEN &#8211; ERSATZTEILNEHMER<\/strong><\/p>\n<p>Umbuchungen k\u00f6nnen jederzeit BIS 30 TAGE VOR KURSBEGINN gegen eine Bearbeitungsgeb\u00fchr von 20\u20ac pro Buchung durchgef\u00fchrt werden. Danach sind Umbuchungen nicht mehr m\u00f6glich. Bei einer Verhinderung der angemeldeten Person kann selbstverst\u00e4ndlich eine andere Person einspringen. Sonderabsprachen bed\u00fcrfen der Schriftform.<\/p>\n<p><strong>DURCHF\u00dcHRUNG ODER ABSAGE DER VERANSTALTUNG SEITENS\u00a0 Body and Soul\/Ayurveda Kochwelt<\/strong><\/p>\n<p>Body and Soul\/Ayurveda Kochwelt beh\u00e4lt sich eine Absage bis eine Woche vor Veranstaltungsbeginn vor, wenn eine zu geringe Teilnehmerzahl die wirtschaftliche Durchf\u00fchrung der Veranstaltung nicht erlaubt oder auch kurzfristiger wenn Frau Yamuna Birgit Mohl durch Krankheit verhindert ist. Bei Absagen durch h\u00f6here Gewalt (z.B. Krankheit) ist eine Haftung durch Body and Soul\/Ayurveda Kochwelt ausgeschlossen.<\/p>\n<p>Ayurveda Kochwelt wird mit rechtzeitiger Vorank\u00fcndigung einen Alternativtermin anbieten. Kann ein Teilnehmer infolge dieser Terminverschiebung den Kochkurs nicht wahrnehmen, steht ihm das Recht zur<\/p>\n<ul>\n<li>kostenlosen Umbuchung auf einen neuen Kochkurs-Termin mit dem selben Kursthema<\/li>\n<\/ul>\n<p>Ayurveda Kochwelt beh\u00e4lt sich das Recht vor, Inhalte der Veranstaltungen geringf\u00fcgig von den Vorab-Angaben zu modifizieren oder abzu\u00e4ndern.<\/p>\n<p>&nbsp;<\/p>\n<p><strong>VERANSTALTUNGSORT &#8211; LOCATION &#8211; KOCHK\u00dcCHE<\/strong><\/p>\n<p>Ayurveda Kochwelt veranstaltet seine Kochkurse generell in der K\u00fcchenwelt Strohmeier Gilb, Landau . Sollte aus irgendwelchen Gr\u00fcnden der Standort nicht nutzbar sein, ist diese berechtigt, auf eine alternative Location\/Kochk\u00fcche auszuweichen. Die dann aktuelle Kochk\u00fcchen-Location wird den Teilnehmern sp\u00e4testens 5 Tage vor der aktuellen Veranstaltung in schriftlicher Form mitgeteilt.<\/p>\n<p><strong>HAFTUNG<\/strong><\/p>\n<p>Haftung gegen\u00fcber Teilnehmern f\u00fcr Unf\u00e4lle, Verluste und Besch\u00e4digungen von Gegenst\u00e4nden \u00fcbernimmt Body and Soul\/Ayurveda Kochwelt nicht.<\/p>\n<p>Die Kursteilnehmer\/G\u00e4ste haften pers\u00f6nlich f\u00fcr die durch sie besch\u00e4digten Einrichtungen und Gegenst\u00e4nde der\u00a0 benutzten K\u00fcche, Location, Utensilien, Sportger\u00e4te und deren Au\u00dfenanlagen. Der\/die Teilnehmer\/in haftet f\u00fcr Sch\u00e4den und Unf\u00e4lle, welche direkt durch sie\/ihn anderen Teilnehmern gegen\u00fcber oder den ihnen zur Verf\u00fcgung gestellten Materialen entstanden sind.<\/p>\n<p>F\u00fcr gesundheitliche Empfindungen oder Lebensmittelallergien tragen die Kursteilnehmer selbst die Verantwortung und pers\u00f6nliche Sorge.<\/p>\n","protected":false},"excerpt":{"rendered":"<p>Allgemeine Gesch\u00e4ftsbedigungen ANMELDUNGEN Body and Soul\/Ayurveda Kochwelt reserviert nach Ihrer Email-Anmeldung gerne einen verbindlichen Platz. Daraufhin erhalten Sie von uns eine Best\u00e4tigung per Email inklusive der Rechnung bzw. Zahlungsaufforderung. Ihre Anmeldung wird sp\u00e4testens mit Erhalt der Email und Ihrer \u00dcberweisung verbindlich. ZAHLUNGSBEDINGUNGEN Die Rechnung ist ohne Abzug innerhalb von 7 Tagen nach Erhalt der Best\u00e4tigungs-Email [&hellip;]<\/p>\n","protected":false},"author":1,"featured_media":0,"parent":0,"menu_order":0,"comment_status":"closed","ping_status":"closed","template":"","meta":{"footnotes":"","_links_to":"","_links_to_target":""},"class_list":["post-119","page","type-page","status-publish","hentry"],"yoast_head":"<!-- This site is optimized with the Yoast SEO plugin v27.4 - https:\/\/yoast.com\/product\/yoast-seo-wordpress\/ -->\n<title>AGB - Body &amp; Soul<\/title>\n<meta name=\"robots\" content=\"index, follow, max-snippet:-1, max-image-preview:large, max-video-preview:-1\" \/>\n<link rel=\"canonical\" href=\"https:\/\/body4soul.de\/index.php\/allgemeine-geschaeftsbedigungen\/\" \/>\n<meta property=\"og:locale\" content=\"de_DE\" \/>\n<meta property=\"og:type\" content=\"article\" \/>\n<meta property=\"og:title\" content=\"AGB - Body &amp; Soul\" \/>\n<meta property=\"og:description\" content=\"Allgemeine Gesch\u00e4ftsbedigungen ANMELDUNGEN Body and Soul\/Ayurveda Kochwelt reserviert nach Ihrer Email-Anmeldung gerne einen verbindlichen Platz. Daraufhin erhalten Sie von uns eine Best\u00e4tigung per Email inklusive der Rechnung bzw. Zahlungsaufforderung. Ihre Anmeldung wird sp\u00e4testens mit Erhalt der Email und Ihrer \u00dcberweisung verbindlich. ZAHLUNGSBEDINGUNGEN Die Rechnung ist ohne Abzug innerhalb von 7 Tagen nach Erhalt der Best\u00e4tigungs-Email [&hellip;]\" \/>\n<meta property=\"og:url\" content=\"https:\/\/body4soul.de\/index.php\/allgemeine-geschaeftsbedigungen\/\" \/>\n<meta property=\"og:site_name\" content=\"Body &amp; Soul\" \/>\n<meta property=\"article:publisher\" content=\"https:\/\/www.facebook.com\/Yamuna.Mohl.Yoga\" \/>\n<meta property=\"article:modified_time\" content=\"2023-02-16T20:07:36+00:00\" \/>\n<meta name=\"twitter:card\" content=\"summary_large_image\" \/>\n<meta name=\"twitter:label1\" content=\"Gesch\u00e4tzte Lesezeit\" \/>\n\t<meta name=\"twitter:data1\" content=\"3\u00a0Minuten\" \/>\n<script type=\"application\/ld+json\" class=\"yoast-schema-graph\">{\"@context\":\"https:\\\/\\\/schema.org\",\"@graph\":[{\"@type\":\"WebPage\",\"@id\":\"https:\\\/\\\/body4soul.de\\\/index.php\\\/allgemeine-geschaeftsbedigungen\\\/\",\"url\":\"https:\\\/\\\/body4soul.de\\\/index.php\\\/allgemeine-geschaeftsbedigungen\\\/\",\"name\":\"AGB - Body &amp; Soul\",\"isPartOf\":{\"@id\":\"https:\\\/\\\/body4soul.de\\\/#website\"},\"datePublished\":\"2019-11-15T15:04:29+00:00\",\"dateModified\":\"2023-02-16T20:07:36+00:00\",\"breadcrumb\":{\"@id\":\"https:\\\/\\\/body4soul.de\\\/index.php\\\/allgemeine-geschaeftsbedigungen\\\/#breadcrumb\"},\"inLanguage\":\"de\",\"potentialAction\":[{\"@type\":\"ReadAction\",\"target\":[\"https:\\\/\\\/body4soul.de\\\/index.php\\\/allgemeine-geschaeftsbedigungen\\\/\"]}]},{\"@type\":\"BreadcrumbList\",\"@id\":\"https:\\\/\\\/body4soul.de\\\/index.php\\\/allgemeine-geschaeftsbedigungen\\\/#breadcrumb\",\"itemListElement\":[{\"@type\":\"ListItem\",\"position\":1,\"name\":\"Startseite\",\"item\":\"https:\\\/\\\/body4soul.de\\\/\"},{\"@type\":\"ListItem\",\"position\":2,\"name\":\"AGB\"}]},{\"@type\":\"WebSite\",\"@id\":\"https:\\\/\\\/body4soul.de\\\/#website\",\"url\":\"https:\\\/\\\/body4soul.de\\\/\",\"name\":\"Body &amp; Soul\",\"description\":\"Yoga - Entspannung - Ayurveda - Nordic Walking\",\"publisher\":{\"@id\":\"https:\\\/\\\/body4soul.de\\\/#organization\"},\"potentialAction\":[{\"@type\":\"SearchAction\",\"target\":{\"@type\":\"EntryPoint\",\"urlTemplate\":\"https:\\\/\\\/body4soul.de\\\/?s={search_term_string}\"},\"query-input\":{\"@type\":\"PropertyValueSpecification\",\"valueRequired\":true,\"valueName\":\"search_term_string\"}}],\"inLanguage\":\"de\"},{\"@type\":\"Organization\",\"@id\":\"https:\\\/\\\/body4soul.de\\\/#organization\",\"name\":\"Body & Soul\",\"url\":\"https:\\\/\\\/body4soul.de\\\/\",\"logo\":{\"@type\":\"ImageObject\",\"inLanguage\":\"de\",\"@id\":\"https:\\\/\\\/body4soul.de\\\/#\\\/schema\\\/logo\\\/image\\\/\",\"url\":\"https:\\\/\\\/body4soul.de\\\/wp-content\\\/uploads\\\/2019\\\/11\\\/cropped-image001-1.jpg\",\"contentUrl\":\"https:\\\/\\\/body4soul.de\\\/wp-content\\\/uploads\\\/2019\\\/11\\\/cropped-image001-1.jpg\",\"width\":512,\"height\":512,\"caption\":\"Body & Soul\"},\"image\":{\"@id\":\"https:\\\/\\\/body4soul.de\\\/#\\\/schema\\\/logo\\\/image\\\/\"},\"sameAs\":[\"https:\\\/\\\/www.facebook.com\\\/Yamuna.Mohl.Yoga\",\"https:\\\/\\\/www.instagram.com\\\/bodyandsoul_landau\\\/\"]}]}<\/script>\n<!-- \/ Yoast SEO plugin. -->","yoast_head_json":{"title":"AGB - Body &amp; Soul","robots":{"index":"index","follow":"follow","max-snippet":"max-snippet:-1","max-image-preview":"max-image-preview:large","max-video-preview":"max-video-preview:-1"},"canonical":"https:\/\/body4soul.de\/index.php\/allgemeine-geschaeftsbedigungen\/","og_locale":"de_DE","og_type":"article","og_title":"AGB - Body &amp; Soul","og_description":"Allgemeine Gesch\u00e4ftsbedigungen ANMELDUNGEN Body and Soul\/Ayurveda Kochwelt reserviert nach Ihrer Email-Anmeldung gerne einen verbindlichen Platz. Daraufhin erhalten Sie von uns eine Best\u00e4tigung per Email inklusive der Rechnung bzw. Zahlungsaufforderung. Ihre Anmeldung wird sp\u00e4testens mit Erhalt der Email und Ihrer \u00dcberweisung verbindlich. ZAHLUNGSBEDINGUNGEN Die Rechnung ist ohne Abzug innerhalb von 7 Tagen nach Erhalt der Best\u00e4tigungs-Email [&hellip;]","og_url":"https:\/\/body4soul.de\/index.php\/allgemeine-geschaeftsbedigungen\/","og_site_name":"Body &amp; Soul","article_publisher":"https:\/\/www.facebook.com\/Yamuna.Mohl.Yoga","article_modified_time":"2023-02-16T20:07:36+00:00","twitter_card":"summary_large_image","twitter_misc":{"Gesch\u00e4tzte Lesezeit":"3\u00a0Minuten"},"schema":{"@context":"https:\/\/schema.org","@graph":[{"@type":"WebPage","@id":"https:\/\/body4soul.de\/index.php\/allgemeine-geschaeftsbedigungen\/","url":"https:\/\/body4soul.de\/index.php\/allgemeine-geschaeftsbedigungen\/","name":"AGB - Body &amp; Soul","isPartOf":{"@id":"https:\/\/body4soul.de\/#website"},"datePublished":"2019-11-15T15:04:29+00:00","dateModified":"2023-02-16T20:07:36+00:00","breadcrumb":{"@id":"https:\/\/body4soul.de\/index.php\/allgemeine-geschaeftsbedigungen\/#breadcrumb"},"inLanguage":"de","potentialAction":[{"@type":"ReadAction","target":["https:\/\/body4soul.de\/index.php\/allgemeine-geschaeftsbedigungen\/"]}]},{"@type":"BreadcrumbList","@id":"https:\/\/body4soul.de\/index.php\/allgemeine-geschaeftsbedigungen\/#breadcrumb","itemListElement":[{"@type":"ListItem","position":1,"name":"Startseite","item":"https:\/\/body4soul.de\/"},{"@type":"ListItem","position":2,"name":"AGB"}]},{"@type":"WebSite","@id":"https:\/\/body4soul.de\/#website","url":"https:\/\/body4soul.de\/","name":"Body &amp; Soul","description":"Yoga - Entspannung - Ayurveda - Nordic Walking","publisher":{"@id":"https:\/\/body4soul.de\/#organization"},"potentialAction":[{"@type":"SearchAction","target":{"@type":"EntryPoint","urlTemplate":"https:\/\/body4soul.de\/?s={search_term_string}"},"query-input":{"@type":"PropertyValueSpecification","valueRequired":true,"valueName":"search_term_string"}}],"inLanguage":"de"},{"@type":"Organization","@id":"https:\/\/body4soul.de\/#organization","name":"Body & Soul","url":"https:\/\/body4soul.de\/","logo":{"@type":"ImageObject","inLanguage":"de","@id":"https:\/\/body4soul.de\/#\/schema\/logo\/image\/","url":"https:\/\/body4soul.de\/wp-content\/uploads\/2019\/11\/cropped-image001-1.jpg","contentUrl":"https:\/\/body4soul.de\/wp-content\/uploads\/2019\/11\/cropped-image001-1.jpg","width":512,"height":512,"caption":"Body & Soul"},"image":{"@id":"https:\/\/body4soul.de\/#\/schema\/logo\/image\/"},"sameAs":["https:\/\/www.facebook.com\/Yamuna.Mohl.Yoga","https:\/\/www.instagram.com\/bodyandsoul_landau\/"]}]}},"_links":{"self":[{"href":"https:\/\/body4soul.de\/index.php\/wp-json\/wp\/v2\/pages\/119","targetHints":{"allow":["GET"]}}],"collection":[{"href":"https:\/\/body4soul.de\/index.php\/wp-json\/wp\/v2\/pages"}],"about":[{"href":"https:\/\/body4soul.de\/index.php\/wp-json\/wp\/v2\/types\/page"}],"author":[{"embeddable":true,"href":"https:\/\/body4soul.de\/index.php\/wp-json\/wp\/v2\/users\/1"}],"replies":[{"embeddable":true,"href":"https:\/\/body4soul.de\/index.php\/wp-json\/wp\/v2\/comments?post=119"}],"version-history":[{"count":6,"href":"https:\/\/body4soul.de\/index.php\/wp-json\/wp\/v2\/pages\/119\/revisions"}],"predecessor-version":[{"id":629,"href":"https:\/\/body4soul.de\/index.php\/wp-json\/wp\/v2\/pages\/119\/revisions\/629"}],"wp:attachment":[{"href":"https:\/\/body4soul.de\/index.php\/wp-json\/wp\/v2\/media?parent=119"}],"curies":[{"name":"wp","href":"https:\/\/api.w.org\/{rel}","templated":true}]}}