{"id":168,"date":"2019-11-19T17:40:45","date_gmt":"2019-11-19T16:40:45","guid":{"rendered":"https:\/\/body4soul.de\/?page_id=168"},"modified":"2023-10-02T14:24:53","modified_gmt":"2023-10-02T12:24:53","slug":"wissenswertes-yoga-landau","status":"publish","type":"page","link":"https:\/\/body4soul.de\/index.php\/wissenswertes-yoga-landau\/","title":{"rendered":"\u00dcber mich"},"content":{"rendered":"<p><img loading=\"lazy\" decoding=\"async\" class=\"alignnone wp-image-273\" src=\"https:\/\/body4soul.de\/wp-content\/uploads\/2019\/11\/IMG-20150713-WA0005-2.jpg\" alt=\"\" width=\"600\" height=\"400\" srcset=\"https:\/\/body4soul.de\/wp-content\/uploads\/2019\/11\/IMG-20150713-WA0005-2.jpg 977w, https:\/\/body4soul.de\/wp-content\/uploads\/2019\/11\/IMG-20150713-WA0005-2-300x200.jpg 300w, https:\/\/body4soul.de\/wp-content\/uploads\/2019\/11\/IMG-20150713-WA0005-2-768x512.jpg 768w\" sizes=\"auto, (max-width: 600px) 100vw, 600px\" \/><\/p>\n<p>Ich bin <strong>Yamuna<\/strong>. Geb\u00fcrtige Pf\u00e4lzerin. War nie lange weg und habe es auch nicht vor. Es ist einfach viel zu sch\u00f6n hier an der S\u00fcdlichen Weinstra\u00dfe. Meine Leidenschaft ist es Menschen dazu zu bewegen Lebenskraft durch regenerierende Bewegung und gesunde leckere Ern\u00e4hrung zu sp\u00fcren. Ich bin dankbar \u00fcber die Jahre viel gelernt und an Erfahrung gesammelt zu haben, sodass ich es mir zur Herzensaufgabe gemacht habe, dies an Andere weiterzugeben. \u00dcber die Zeit absolvierte ich eine Reihe an Aus-und Weiterbildungen, die es mir heute erm\u00f6glichen nicht nur mir zu helfen, sondern auch Andere auf dem Weg zu einem gesunden Selbst zu begleiten.<\/p>\n<p>&nbsp;<\/p>\n<p>2001 Ausbildung zur <em><strong>Nordic Walking Trainerin<\/strong><\/em> und Er\u00f6ffnung meiner Nordic Walking Schule<\/p>\n<p>2009 Ausbildung zur <em><strong>Yogalehrerin<\/strong><\/em> und Er\u00f6ffnung meiner Yogaschule<\/p>\n<p>2010 Ausbildung zur <em><strong>Yogalehrerin f\u00fcr Jugendliche <\/strong><\/em>(Unterricht an der Maria Ward Schule)<\/p>\n<p>F\u00fcr die inspirierende Kraft hinter meiner Yoga-Tradition danke ich einem der gro\u00dfen Yoga-Meister unserer Zeit &#8211; Swami Sivananda (1887-1963) und seinem Sch\u00fcler Swami Vishnudevananda (1927-1993), der den <strong>ganzheitlichen Yoga<\/strong> in unsere westliche Welt gebracht hat.<\/p>\n<p>2012 Ausbildung zur <em><strong>Entspannungskursleiterin<\/strong><\/em><\/p>\n<p>2012 Weiterbildung zum Thema <em><strong>&#8222;Power Naps&#8220;<\/strong><\/em><\/p>\n<p>2014 Ausbildung zur <em><strong>Ayurvedischen Ern\u00e4hrungsberaterin<\/strong><\/em><\/p>\n<p>2017 Ausbildung zur<em><strong> Lauftrainerin<\/strong><\/em><\/p>\n<p>2017 Ausbildung zur <em><strong>Entspannungsp\u00e4dagogin f\u00fcr Kinder<\/strong><\/em><\/p>\n<p>2018 Weiterbildung <em><strong>Aerial-Yoga-Yoga im Tuch<\/strong><\/em><\/p>\n<p>2020 Ausbildung zur <em><strong>Ayurveda Massage Therapeutin<\/strong><\/em><\/p>\n<p>&nbsp;<\/p>\n<p>Da jeder Lehrer auch gleichzeitig Sch\u00fcler ist, nehme ich an zahlreichen Ausbildungen und Workshops\/Seminaren (Kundalini-Yoga, Vinyasa-Yoga, Anusara-Yoga, Iyengar-Yoga, Kinder-Yoga, u.v.m.) teil, die mich als Individuum aber auch als Yogalehrerin weiterf\u00fchren.<\/p>\n<p>&nbsp;<\/p>\n","protected":false},"excerpt":{"rendered":"<p>Ich bin Yamuna. Geb\u00fcrtige Pf\u00e4lzerin. War nie lange weg und habe es auch nicht vor. Es ist einfach viel zu sch\u00f6n hier an der S\u00fcdlichen Weinstra\u00dfe. Meine Leidenschaft ist es Menschen dazu zu bewegen Lebenskraft durch regenerierende Bewegung und gesunde leckere Ern\u00e4hrung zu sp\u00fcren. Ich bin dankbar \u00fcber die Jahre viel gelernt und an Erfahrung [&hellip;]<\/p>\n","protected":false},"author":1,"featured_media":0,"parent":0,"menu_order":0,"comment_status":"closed","ping_status":"closed","template":"","meta":{"footnotes":"","_links_to":"","_links_to_target":""},"class_list":["post-168","page","type-page","status-publish","hentry"],"yoast_head":"<!-- This site is optimized with the Yoast SEO plugin v27.4 - https:\/\/yoast.com\/product\/yoast-seo-wordpress\/ -->\n<title>\u00dcber mich - Body &amp; Soul<\/title>\n<meta name=\"robots\" content=\"index, follow, max-snippet:-1, max-image-preview:large, max-video-preview:-1\" \/>\n<link rel=\"canonical\" href=\"https:\/\/body4soul.de\/index.php\/wissenswertes-yoga-landau\/\" \/>\n<meta property=\"og:locale\" content=\"de_DE\" \/>\n<meta property=\"og:type\" content=\"article\" \/>\n<meta property=\"og:title\" content=\"\u00dcber mich - Body &amp; Soul\" \/>\n<meta property=\"og:description\" content=\"Ich bin Yamuna. Geb\u00fcrtige Pf\u00e4lzerin. War nie lange weg und habe es auch nicht vor. Es ist einfach viel zu sch\u00f6n hier an der S\u00fcdlichen Weinstra\u00dfe. Meine Leidenschaft ist es Menschen dazu zu bewegen Lebenskraft durch regenerierende Bewegung und gesunde leckere Ern\u00e4hrung zu sp\u00fcren. Ich bin dankbar \u00fcber die Jahre viel gelernt und an Erfahrung [&hellip;]\" \/>\n<meta property=\"og:url\" content=\"https:\/\/body4soul.de\/index.php\/wissenswertes-yoga-landau\/\" \/>\n<meta property=\"og:site_name\" content=\"Body &amp; Soul\" \/>\n<meta property=\"article:publisher\" content=\"https:\/\/www.facebook.com\/Yamuna.Mohl.Yoga\" \/>\n<meta property=\"article:modified_time\" content=\"2023-10-02T12:24:53+00:00\" \/>\n<meta property=\"og:image\" content=\"https:\/\/body4soul.de\/wp-content\/uploads\/2019\/11\/IMG-20150713-WA0005-2.jpg\" \/>\n<meta name=\"twitter:card\" content=\"summary_large_image\" \/>\n<meta name=\"twitter:label1\" content=\"Gesch\u00e4tzte Lesezeit\" \/>\n\t<meta name=\"twitter:data1\" content=\"2\u00a0Minuten\" \/>\n<script type=\"application\/ld+json\" class=\"yoast-schema-graph\">{\"@context\":\"https:\\\/\\\/schema.org\",\"@graph\":[{\"@type\":\"WebPage\",\"@id\":\"https:\\\/\\\/body4soul.de\\\/index.php\\\/wissenswertes-yoga-landau\\\/\",\"url\":\"https:\\\/\\\/body4soul.de\\\/index.php\\\/wissenswertes-yoga-landau\\\/\",\"name\":\"\u00dcber mich - Body &amp; Soul\",\"isPartOf\":{\"@id\":\"https:\\\/\\\/body4soul.de\\\/#website\"},\"primaryImageOfPage\":{\"@id\":\"https:\\\/\\\/body4soul.de\\\/index.php\\\/wissenswertes-yoga-landau\\\/#primaryimage\"},\"image\":{\"@id\":\"https:\\\/\\\/body4soul.de\\\/index.php\\\/wissenswertes-yoga-landau\\\/#primaryimage\"},\"thumbnailUrl\":\"https:\\\/\\\/body4soul.de\\\/wp-content\\\/uploads\\\/2019\\\/11\\\/IMG-20150713-WA0005-2.jpg\",\"datePublished\":\"2019-11-19T16:40:45+00:00\",\"dateModified\":\"2023-10-02T12:24:53+00:00\",\"breadcrumb\":{\"@id\":\"https:\\\/\\\/body4soul.de\\\/index.php\\\/wissenswertes-yoga-landau\\\/#breadcrumb\"},\"inLanguage\":\"de\",\"potentialAction\":[{\"@type\":\"ReadAction\",\"target\":[\"https:\\\/\\\/body4soul.de\\\/index.php\\\/wissenswertes-yoga-landau\\\/\"]}]},{\"@type\":\"ImageObject\",\"inLanguage\":\"de\",\"@id\":\"https:\\\/\\\/body4soul.de\\\/index.php\\\/wissenswertes-yoga-landau\\\/#primaryimage\",\"url\":\"https:\\\/\\\/body4soul.de\\\/wp-content\\\/uploads\\\/2019\\\/11\\\/IMG-20150713-WA0005-2.jpg\",\"contentUrl\":\"https:\\\/\\\/body4soul.de\\\/wp-content\\\/uploads\\\/2019\\\/11\\\/IMG-20150713-WA0005-2.jpg\",\"width\":977,\"height\":651},{\"@type\":\"BreadcrumbList\",\"@id\":\"https:\\\/\\\/body4soul.de\\\/index.php\\\/wissenswertes-yoga-landau\\\/#breadcrumb\",\"itemListElement\":[{\"@type\":\"ListItem\",\"position\":1,\"name\":\"Startseite\",\"item\":\"https:\\\/\\\/body4soul.de\\\/\"},{\"@type\":\"ListItem\",\"position\":2,\"name\":\"\u00dcber mich\"}]},{\"@type\":\"WebSite\",\"@id\":\"https:\\\/\\\/body4soul.de\\\/#website\",\"url\":\"https:\\\/\\\/body4soul.de\\\/\",\"name\":\"Body &amp; Soul\",\"description\":\"Yoga - Entspannung - Ayurveda - Nordic Walking\",\"publisher\":{\"@id\":\"https:\\\/\\\/body4soul.de\\\/#organization\"},\"potentialAction\":[{\"@type\":\"SearchAction\",\"target\":{\"@type\":\"EntryPoint\",\"urlTemplate\":\"https:\\\/\\\/body4soul.de\\\/?s={search_term_string}\"},\"query-input\":{\"@type\":\"PropertyValueSpecification\",\"valueRequired\":true,\"valueName\":\"search_term_string\"}}],\"inLanguage\":\"de\"},{\"@type\":\"Organization\",\"@id\":\"https:\\\/\\\/body4soul.de\\\/#organization\",\"name\":\"Body & Soul\",\"url\":\"https:\\\/\\\/body4soul.de\\\/\",\"logo\":{\"@type\":\"ImageObject\",\"inLanguage\":\"de\",\"@id\":\"https:\\\/\\\/body4soul.de\\\/#\\\/schema\\\/logo\\\/image\\\/\",\"url\":\"https:\\\/\\\/body4soul.de\\\/wp-content\\\/uploads\\\/2019\\\/11\\\/cropped-image001-1.jpg\",\"contentUrl\":\"https:\\\/\\\/body4soul.de\\\/wp-content\\\/uploads\\\/2019\\\/11\\\/cropped-image001-1.jpg\",\"width\":512,\"height\":512,\"caption\":\"Body & Soul\"},\"image\":{\"@id\":\"https:\\\/\\\/body4soul.de\\\/#\\\/schema\\\/logo\\\/image\\\/\"},\"sameAs\":[\"https:\\\/\\\/www.facebook.com\\\/Yamuna.Mohl.Yoga\",\"https:\\\/\\\/www.instagram.com\\\/bodyandsoul_landau\\\/\"]}]}<\/script>\n<!-- \/ Yoast SEO plugin. -->","yoast_head_json":{"title":"\u00dcber mich - Body &amp; Soul","robots":{"index":"index","follow":"follow","max-snippet":"max-snippet:-1","max-image-preview":"max-image-preview:large","max-video-preview":"max-video-preview:-1"},"canonical":"https:\/\/body4soul.de\/index.php\/wissenswertes-yoga-landau\/","og_locale":"de_DE","og_type":"article","og_title":"\u00dcber mich - Body &amp; Soul","og_description":"Ich bin Yamuna. Geb\u00fcrtige Pf\u00e4lzerin. War nie lange weg und habe es auch nicht vor. Es ist einfach viel zu sch\u00f6n hier an der S\u00fcdlichen Weinstra\u00dfe. Meine Leidenschaft ist es Menschen dazu zu bewegen Lebenskraft durch regenerierende Bewegung und gesunde leckere Ern\u00e4hrung zu sp\u00fcren. Ich bin dankbar \u00fcber die Jahre viel gelernt und an Erfahrung [&hellip;]","og_url":"https:\/\/body4soul.de\/index.php\/wissenswertes-yoga-landau\/","og_site_name":"Body &amp; Soul","article_publisher":"https:\/\/www.facebook.com\/Yamuna.Mohl.Yoga","article_modified_time":"2023-10-02T12:24:53+00:00","og_image":[{"url":"https:\/\/body4soul.de\/wp-content\/uploads\/2019\/11\/IMG-20150713-WA0005-2.jpg","type":"","width":"","height":""}],"twitter_card":"summary_large_image","twitter_misc":{"Gesch\u00e4tzte Lesezeit":"2\u00a0Minuten"},"schema":{"@context":"https:\/\/schema.org","@graph":[{"@type":"WebPage","@id":"https:\/\/body4soul.de\/index.php\/wissenswertes-yoga-landau\/","url":"https:\/\/body4soul.de\/index.php\/wissenswertes-yoga-landau\/","name":"\u00dcber mich - Body &amp; Soul","isPartOf":{"@id":"https:\/\/body4soul.de\/#website"},"primaryImageOfPage":{"@id":"https:\/\/body4soul.de\/index.php\/wissenswertes-yoga-landau\/#primaryimage"},"image":{"@id":"https:\/\/body4soul.de\/index.php\/wissenswertes-yoga-landau\/#primaryimage"},"thumbnailUrl":"https:\/\/body4soul.de\/wp-content\/uploads\/2019\/11\/IMG-20150713-WA0005-2.jpg","datePublished":"2019-11-19T16:40:45+00:00","dateModified":"2023-10-02T12:24:53+00:00","breadcrumb":{"@id":"https:\/\/body4soul.de\/index.php\/wissenswertes-yoga-landau\/#breadcrumb"},"inLanguage":"de","potentialAction":[{"@type":"ReadAction","target":["https:\/\/body4soul.de\/index.php\/wissenswertes-yoga-landau\/"]}]},{"@type":"ImageObject","inLanguage":"de","@id":"https:\/\/body4soul.de\/index.php\/wissenswertes-yoga-landau\/#primaryimage","url":"https:\/\/body4soul.de\/wp-content\/uploads\/2019\/11\/IMG-20150713-WA0005-2.jpg","contentUrl":"https:\/\/body4soul.de\/wp-content\/uploads\/2019\/11\/IMG-20150713-WA0005-2.jpg","width":977,"height":651},{"@type":"BreadcrumbList","@id":"https:\/\/body4soul.de\/index.php\/wissenswertes-yoga-landau\/#breadcrumb","itemListElement":[{"@type":"ListItem","position":1,"name":"Startseite","item":"https:\/\/body4soul.de\/"},{"@type":"ListItem","position":2,"name":"\u00dcber mich"}]},{"@type":"WebSite","@id":"https:\/\/body4soul.de\/#website","url":"https:\/\/body4soul.de\/","name":"Body &amp; Soul","description":"Yoga - Entspannung - Ayurveda - Nordic Walking","publisher":{"@id":"https:\/\/body4soul.de\/#organization"},"potentialAction":[{"@type":"SearchAction","target":{"@type":"EntryPoint","urlTemplate":"https:\/\/body4soul.de\/?s={search_term_string}"},"query-input":{"@type":"PropertyValueSpecification","valueRequired":true,"valueName":"search_term_string"}}],"inLanguage":"de"},{"@type":"Organization","@id":"https:\/\/body4soul.de\/#organization","name":"Body & Soul","url":"https:\/\/body4soul.de\/","logo":{"@type":"ImageObject","inLanguage":"de","@id":"https:\/\/body4soul.de\/#\/schema\/logo\/image\/","url":"https:\/\/body4soul.de\/wp-content\/uploads\/2019\/11\/cropped-image001-1.jpg","contentUrl":"https:\/\/body4soul.de\/wp-content\/uploads\/2019\/11\/cropped-image001-1.jpg","width":512,"height":512,"caption":"Body & Soul"},"image":{"@id":"https:\/\/body4soul.de\/#\/schema\/logo\/image\/"},"sameAs":["https:\/\/www.facebook.com\/Yamuna.Mohl.Yoga","https:\/\/www.instagram.com\/bodyandsoul_landau\/"]}]}},"_links":{"self":[{"href":"https:\/\/body4soul.de\/index.php\/wp-json\/wp\/v2\/pages\/168","targetHints":{"allow":["GET"]}}],"collection":[{"href":"https:\/\/body4soul.de\/index.php\/wp-json\/wp\/v2\/pages"}],"about":[{"href":"https:\/\/body4soul.de\/index.php\/wp-json\/wp\/v2\/types\/page"}],"author":[{"embeddable":true,"href":"https:\/\/body4soul.de\/index.php\/wp-json\/wp\/v2\/users\/1"}],"replies":[{"embeddable":true,"href":"https:\/\/body4soul.de\/index.php\/wp-json\/wp\/v2\/comments?post=168"}],"version-history":[{"count":16,"href":"https:\/\/body4soul.de\/index.php\/wp-json\/wp\/v2\/pages\/168\/revisions"}],"predecessor-version":[{"id":654,"href":"https:\/\/body4soul.de\/index.php\/wp-json\/wp\/v2\/pages\/168\/revisions\/654"}],"wp:attachment":[{"href":"https:\/\/body4soul.de\/index.php\/wp-json\/wp\/v2\/media?parent=168"}],"curies":[{"name":"wp","href":"https:\/\/api.w.org\/{rel}","templated":true}]}}