{"id":265,"date":"2019-11-28T13:29:35","date_gmt":"2019-11-28T12:29:35","guid":{"rendered":"https:\/\/body4soul.de\/?page_id=265"},"modified":"2022-06-19T16:51:46","modified_gmt":"2022-06-19T14:51:46","slug":"kochkurs-fuer-kinder","status":"publish","type":"page","link":"https:\/\/body4soul.de\/index.php\/kochkurs-fuer-kinder\/","title":{"rendered":"KOCHKURS F\u00dcR KINDER"},"content":{"rendered":"<p><strong>Kulinarische Weltreise f\u00fcr kreative Leckerm\u00e4ulchen &#8211; Der Kochkurs f\u00fcr Kinder<\/strong><\/p>\n<p>Wir bereisen Indien, Italien, Amerika und schauen auch in den heimischen Kochtopf<\/p>\n<p><strong>Was dich erwartet:<\/strong> Nach einem Kennenlernspiel machen wir uns startklar f\u00fcr das Kochen. Du erh\u00e4lst dazu eine Kochsch\u00fcrze sowie eine Kochm\u00fctze. Es wird geschnippelt, gesch\u00e4lt, gekocht und gebacken, rund um das kulinarische Thema eines Landes mir jeder Menge Spa\u00df. Ganz nebenbei lernen wir spielerisch alle Lebensmittel dir wir bearbeiten und etwas \u00fcber das Land kennen. Die Rezepte schicke ich dir per E-Mail zum Nachkochen f\u00fcr Zuhause, damit du deine Familie mit deinem K\u00f6nnen \u00fcberraschen kannst.<\/p>\n<p>So, dann lass uns die Welt erobern&#8230;Bist du dabei?<\/p>\n<p><strong>Termine:<\/strong><\/p>\n<p><em><strong>21.04.2022\u00a0 \u00a0 \u00a0 \u00a0 10:30-14:00\u00a0 \u00a0 \u00a0&#8211; Burger &#8222;Yes we can&#8220;\u00a0 \u00a0 \u00a0 \u00a0 \u00a0 \u00a0 \u00a0 \u00a0 \u00a0 \u00a0 \u00a0 \u00a0 \u00a0 \u00a0 \u00a0 \u00a0 \u00a0 \u00a0 \u00a0 \u00a0 \u00a0 \u00a0 \u00a0 \u00a0 \u00a0 \u00a0 \u00a0 \u00a0 \u00a0 \u00a0<\/strong><\/em><\/p>\n<p><em><strong>05.08.2022\u00a0 \u00a0 \u00a0 \u00a010:30-14:00\u00a0 \u00a0 \u00a0&#8211; Sommerk\u00fcche<br \/>\n19.08.2022\u00a0 \u00a0 \u00a0 \u00a010:30-14:00 \u00a0 \u00a0 &#8211; Bella Italia<\/strong><\/em><br \/>\n<strong><em>17.12.2022\u00a0 \u00a0 \u00a0 \u00a0 11:00-14:30\u00a0 \u00a0 \u00a0 &#8211; Weihnachtsmen\u00fc\u00a0 \u00a0<\/em><\/strong><\/p>\n<p>&nbsp;<\/p>\n<p><strong>Wer<\/strong>: Coole Kids im Alter von 8-13 Jahre<br \/>\nTeenager Kochkurs\u00a0 von 12-17 Jahre<\/p>\n<p><strong>Kosten<\/strong>: 49 \u20ac pro Kind<\/p>\n<p><strong>(Zus\u00e4tzlich<\/strong> bekommt Ihr einen <strong>Gutschein im Wert von 25 \u20ac<\/strong> aus dem Einrichtungshaus Strohmeier Gilb in Bellheim)<\/p>\n<p>Die Anmeldung kann einfach per <strong><a href=\"mailto:info@body-and-soul.me\" target=\"_blank\" rel=\"noopener noreferrer\">E-Mail<\/a><\/strong> oder <strong><a href=\"https:\/\/body4soul.de\/index.php\/buchung\/?w=\/event-list\">online<\/a><\/strong> erfolgen. Bitte beachten Sie, dass die Buchung damit verbindlich ist. Bitte teilen Sie uns dabei den Namen des Teilnehmers, das Alter sowie eine Handynummer und Adresse mit.<\/p>\n<p>AGBs und R\u00fccktrittsbedingungen lesen Sie <a href=\"https:\/\/body4soul.de\/index.php\/allgemeine-geschaeftsbedigungen\/\"><strong>hier<\/strong><\/a>.<\/p>\n<p><img loading=\"lazy\" decoding=\"async\" width=\"300\" height=\"135\" class=\"alignnone size-medium wp-image-163\" src=\"https:\/\/body4soul.de\/wp-content\/uploads\/2019\/11\/Strohmeiergilb_2-300x135.jpg\" alt=\"\" srcset=\"https:\/\/body4soul.de\/wp-content\/uploads\/2019\/11\/Strohmeiergilb_2-300x135.jpg 300w, https:\/\/body4soul.de\/wp-content\/uploads\/2019\/11\/Strohmeiergilb_2-1024x462.jpg 1024w, https:\/\/body4soul.de\/wp-content\/uploads\/2019\/11\/Strohmeiergilb_2-768x346.jpg 768w, https:\/\/body4soul.de\/wp-content\/uploads\/2019\/11\/Strohmeiergilb_2.jpg 1280w\" sizes=\"auto, (max-width: 300px) 100vw, 300px\" \/><\/p>\n","protected":false},"excerpt":{"rendered":"<p>Kulinarische Weltreise f\u00fcr kreative Leckerm\u00e4ulchen &#8211; Der Kochkurs f\u00fcr Kinder Wir bereisen Indien, Italien, Amerika und schauen auch in den heimischen Kochtopf Was dich erwartet: Nach einem Kennenlernspiel machen wir uns startklar f\u00fcr das Kochen. Du erh\u00e4lst dazu eine Kochsch\u00fcrze sowie eine Kochm\u00fctze. Es wird geschnippelt, gesch\u00e4lt, gekocht und gebacken, rund um das kulinarische Thema [&hellip;]<\/p>\n","protected":false},"author":1,"featured_media":0,"parent":0,"menu_order":0,"comment_status":"closed","ping_status":"closed","template":"","meta":{"footnotes":"","_links_to":"","_links_to_target":""},"class_list":["post-265","page","type-page","status-publish","hentry"],"yoast_head":"<!-- This site is optimized with the Yoast SEO plugin v27.5 - https:\/\/yoast.com\/product\/yoast-seo-wordpress\/ -->\n<title>KOCHKURS F\u00dcR KINDER - Body &amp; Soul<\/title>\n<meta name=\"robots\" content=\"index, follow, max-snippet:-1, max-image-preview:large, max-video-preview:-1\" \/>\n<link rel=\"canonical\" href=\"https:\/\/body4soul.de\/index.php\/kochkurs-fuer-kinder\/\" \/>\n<meta property=\"og:locale\" content=\"de_DE\" \/>\n<meta property=\"og:type\" content=\"article\" \/>\n<meta property=\"og:title\" content=\"KOCHKURS F\u00dcR KINDER - Body &amp; Soul\" \/>\n<meta property=\"og:description\" content=\"Kulinarische Weltreise f\u00fcr kreative Leckerm\u00e4ulchen &#8211; Der Kochkurs f\u00fcr Kinder Wir bereisen Indien, Italien, Amerika und schauen auch in den heimischen Kochtopf Was dich erwartet: Nach einem Kennenlernspiel machen wir uns startklar f\u00fcr das Kochen. Du erh\u00e4lst dazu eine Kochsch\u00fcrze sowie eine Kochm\u00fctze. Es wird geschnippelt, gesch\u00e4lt, gekocht und gebacken, rund um das kulinarische Thema [&hellip;]\" \/>\n<meta property=\"og:url\" content=\"https:\/\/body4soul.de\/index.php\/kochkurs-fuer-kinder\/\" \/>\n<meta property=\"og:site_name\" content=\"Body &amp; Soul\" \/>\n<meta property=\"article:publisher\" content=\"https:\/\/www.facebook.com\/Yamuna.Mohl.Yoga\" \/>\n<meta property=\"article:modified_time\" content=\"2022-06-19T14:51:46+00:00\" \/>\n<meta property=\"og:image\" content=\"https:\/\/body4soul.de\/wp-content\/uploads\/2019\/11\/Strohmeiergilb_2-300x135.jpg\" \/>\n<meta name=\"twitter:card\" content=\"summary_large_image\" \/>\n<meta name=\"twitter:label1\" content=\"Gesch\u00e4tzte Lesezeit\" \/>\n\t<meta name=\"twitter:data1\" content=\"1\u00a0Minute\" \/>\n<script type=\"application\/ld+json\" class=\"yoast-schema-graph\">{\"@context\":\"https:\\\/\\\/schema.org\",\"@graph\":[{\"@type\":\"WebPage\",\"@id\":\"https:\\\/\\\/body4soul.de\\\/index.php\\\/kochkurs-fuer-kinder\\\/\",\"url\":\"https:\\\/\\\/body4soul.de\\\/index.php\\\/kochkurs-fuer-kinder\\\/\",\"name\":\"KOCHKURS F\u00dcR KINDER - Body &amp; Soul\",\"isPartOf\":{\"@id\":\"https:\\\/\\\/body4soul.de\\\/#website\"},\"primaryImageOfPage\":{\"@id\":\"https:\\\/\\\/body4soul.de\\\/index.php\\\/kochkurs-fuer-kinder\\\/#primaryimage\"},\"image\":{\"@id\":\"https:\\\/\\\/body4soul.de\\\/index.php\\\/kochkurs-fuer-kinder\\\/#primaryimage\"},\"thumbnailUrl\":\"https:\\\/\\\/body4soul.de\\\/wp-content\\\/uploads\\\/2019\\\/11\\\/Strohmeiergilb_2-300x135.jpg\",\"datePublished\":\"2019-11-28T12:29:35+00:00\",\"dateModified\":\"2022-06-19T14:51:46+00:00\",\"breadcrumb\":{\"@id\":\"https:\\\/\\\/body4soul.de\\\/index.php\\\/kochkurs-fuer-kinder\\\/#breadcrumb\"},\"inLanguage\":\"de\",\"potentialAction\":[{\"@type\":\"ReadAction\",\"target\":[\"https:\\\/\\\/body4soul.de\\\/index.php\\\/kochkurs-fuer-kinder\\\/\"]}]},{\"@type\":\"ImageObject\",\"inLanguage\":\"de\",\"@id\":\"https:\\\/\\\/body4soul.de\\\/index.php\\\/kochkurs-fuer-kinder\\\/#primaryimage\",\"url\":\"https:\\\/\\\/body4soul.de\\\/wp-content\\\/uploads\\\/2019\\\/11\\\/Strohmeiergilb_2.jpg\",\"contentUrl\":\"https:\\\/\\\/body4soul.de\\\/wp-content\\\/uploads\\\/2019\\\/11\\\/Strohmeiergilb_2.jpg\",\"width\":1280,\"height\":577},{\"@type\":\"BreadcrumbList\",\"@id\":\"https:\\\/\\\/body4soul.de\\\/index.php\\\/kochkurs-fuer-kinder\\\/#breadcrumb\",\"itemListElement\":[{\"@type\":\"ListItem\",\"position\":1,\"name\":\"Startseite\",\"item\":\"https:\\\/\\\/body4soul.de\\\/\"},{\"@type\":\"ListItem\",\"position\":2,\"name\":\"KOCHKURS F\u00dcR KINDER\"}]},{\"@type\":\"WebSite\",\"@id\":\"https:\\\/\\\/body4soul.de\\\/#website\",\"url\":\"https:\\\/\\\/body4soul.de\\\/\",\"name\":\"Body &amp; Soul\",\"description\":\"Yoga - Entspannung - Ayurveda - Nordic Walking\",\"publisher\":{\"@id\":\"https:\\\/\\\/body4soul.de\\\/#organization\"},\"potentialAction\":[{\"@type\":\"SearchAction\",\"target\":{\"@type\":\"EntryPoint\",\"urlTemplate\":\"https:\\\/\\\/body4soul.de\\\/?s={search_term_string}\"},\"query-input\":{\"@type\":\"PropertyValueSpecification\",\"valueRequired\":true,\"valueName\":\"search_term_string\"}}],\"inLanguage\":\"de\"},{\"@type\":\"Organization\",\"@id\":\"https:\\\/\\\/body4soul.de\\\/#organization\",\"name\":\"Body & Soul\",\"url\":\"https:\\\/\\\/body4soul.de\\\/\",\"logo\":{\"@type\":\"ImageObject\",\"inLanguage\":\"de\",\"@id\":\"https:\\\/\\\/body4soul.de\\\/#\\\/schema\\\/logo\\\/image\\\/\",\"url\":\"https:\\\/\\\/body4soul.de\\\/wp-content\\\/uploads\\\/2019\\\/11\\\/cropped-image001-1.jpg\",\"contentUrl\":\"https:\\\/\\\/body4soul.de\\\/wp-content\\\/uploads\\\/2019\\\/11\\\/cropped-image001-1.jpg\",\"width\":512,\"height\":512,\"caption\":\"Body & Soul\"},\"image\":{\"@id\":\"https:\\\/\\\/body4soul.de\\\/#\\\/schema\\\/logo\\\/image\\\/\"},\"sameAs\":[\"https:\\\/\\\/www.facebook.com\\\/Yamuna.Mohl.Yoga\",\"https:\\\/\\\/www.instagram.com\\\/bodyandsoul_landau\\\/\"]}]}<\/script>\n<!-- \/ Yoast SEO plugin. -->","yoast_head_json":{"title":"KOCHKURS F\u00dcR KINDER - Body &amp; Soul","robots":{"index":"index","follow":"follow","max-snippet":"max-snippet:-1","max-image-preview":"max-image-preview:large","max-video-preview":"max-video-preview:-1"},"canonical":"https:\/\/body4soul.de\/index.php\/kochkurs-fuer-kinder\/","og_locale":"de_DE","og_type":"article","og_title":"KOCHKURS F\u00dcR KINDER - Body &amp; Soul","og_description":"Kulinarische Weltreise f\u00fcr kreative Leckerm\u00e4ulchen &#8211; Der Kochkurs f\u00fcr Kinder Wir bereisen Indien, Italien, Amerika und schauen auch in den heimischen Kochtopf Was dich erwartet: Nach einem Kennenlernspiel machen wir uns startklar f\u00fcr das Kochen. Du erh\u00e4lst dazu eine Kochsch\u00fcrze sowie eine Kochm\u00fctze. Es wird geschnippelt, gesch\u00e4lt, gekocht und gebacken, rund um das kulinarische Thema [&hellip;]","og_url":"https:\/\/body4soul.de\/index.php\/kochkurs-fuer-kinder\/","og_site_name":"Body &amp; Soul","article_publisher":"https:\/\/www.facebook.com\/Yamuna.Mohl.Yoga","article_modified_time":"2022-06-19T14:51:46+00:00","og_image":[{"url":"https:\/\/body4soul.de\/wp-content\/uploads\/2019\/11\/Strohmeiergilb_2-300x135.jpg","type":"","width":"","height":""}],"twitter_card":"summary_large_image","twitter_misc":{"Gesch\u00e4tzte Lesezeit":"1\u00a0Minute"},"schema":{"@context":"https:\/\/schema.org","@graph":[{"@type":"WebPage","@id":"https:\/\/body4soul.de\/index.php\/kochkurs-fuer-kinder\/","url":"https:\/\/body4soul.de\/index.php\/kochkurs-fuer-kinder\/","name":"KOCHKURS F\u00dcR KINDER - Body &amp; Soul","isPartOf":{"@id":"https:\/\/body4soul.de\/#website"},"primaryImageOfPage":{"@id":"https:\/\/body4soul.de\/index.php\/kochkurs-fuer-kinder\/#primaryimage"},"image":{"@id":"https:\/\/body4soul.de\/index.php\/kochkurs-fuer-kinder\/#primaryimage"},"thumbnailUrl":"https:\/\/body4soul.de\/wp-content\/uploads\/2019\/11\/Strohmeiergilb_2-300x135.jpg","datePublished":"2019-11-28T12:29:35+00:00","dateModified":"2022-06-19T14:51:46+00:00","breadcrumb":{"@id":"https:\/\/body4soul.de\/index.php\/kochkurs-fuer-kinder\/#breadcrumb"},"inLanguage":"de","potentialAction":[{"@type":"ReadAction","target":["https:\/\/body4soul.de\/index.php\/kochkurs-fuer-kinder\/"]}]},{"@type":"ImageObject","inLanguage":"de","@id":"https:\/\/body4soul.de\/index.php\/kochkurs-fuer-kinder\/#primaryimage","url":"https:\/\/body4soul.de\/wp-content\/uploads\/2019\/11\/Strohmeiergilb_2.jpg","contentUrl":"https:\/\/body4soul.de\/wp-content\/uploads\/2019\/11\/Strohmeiergilb_2.jpg","width":1280,"height":577},{"@type":"BreadcrumbList","@id":"https:\/\/body4soul.de\/index.php\/kochkurs-fuer-kinder\/#breadcrumb","itemListElement":[{"@type":"ListItem","position":1,"name":"Startseite","item":"https:\/\/body4soul.de\/"},{"@type":"ListItem","position":2,"name":"KOCHKURS F\u00dcR KINDER"}]},{"@type":"WebSite","@id":"https:\/\/body4soul.de\/#website","url":"https:\/\/body4soul.de\/","name":"Body &amp; Soul","description":"Yoga - Entspannung - Ayurveda - Nordic Walking","publisher":{"@id":"https:\/\/body4soul.de\/#organization"},"potentialAction":[{"@type":"SearchAction","target":{"@type":"EntryPoint","urlTemplate":"https:\/\/body4soul.de\/?s={search_term_string}"},"query-input":{"@type":"PropertyValueSpecification","valueRequired":true,"valueName":"search_term_string"}}],"inLanguage":"de"},{"@type":"Organization","@id":"https:\/\/body4soul.de\/#organization","name":"Body & Soul","url":"https:\/\/body4soul.de\/","logo":{"@type":"ImageObject","inLanguage":"de","@id":"https:\/\/body4soul.de\/#\/schema\/logo\/image\/","url":"https:\/\/body4soul.de\/wp-content\/uploads\/2019\/11\/cropped-image001-1.jpg","contentUrl":"https:\/\/body4soul.de\/wp-content\/uploads\/2019\/11\/cropped-image001-1.jpg","width":512,"height":512,"caption":"Body & Soul"},"image":{"@id":"https:\/\/body4soul.de\/#\/schema\/logo\/image\/"},"sameAs":["https:\/\/www.facebook.com\/Yamuna.Mohl.Yoga","https:\/\/www.instagram.com\/bodyandsoul_landau\/"]}]}},"_links":{"self":[{"href":"https:\/\/body4soul.de\/index.php\/wp-json\/wp\/v2\/pages\/265","targetHints":{"allow":["GET"]}}],"collection":[{"href":"https:\/\/body4soul.de\/index.php\/wp-json\/wp\/v2\/pages"}],"about":[{"href":"https:\/\/body4soul.de\/index.php\/wp-json\/wp\/v2\/types\/page"}],"author":[{"embeddable":true,"href":"https:\/\/body4soul.de\/index.php\/wp-json\/wp\/v2\/users\/1"}],"replies":[{"embeddable":true,"href":"https:\/\/body4soul.de\/index.php\/wp-json\/wp\/v2\/comments?post=265"}],"version-history":[{"count":26,"href":"https:\/\/body4soul.de\/index.php\/wp-json\/wp\/v2\/pages\/265\/revisions"}],"predecessor-version":[{"id":570,"href":"https:\/\/body4soul.de\/index.php\/wp-json\/wp\/v2\/pages\/265\/revisions\/570"}],"wp:attachment":[{"href":"https:\/\/body4soul.de\/index.php\/wp-json\/wp\/v2\/media?parent=265"}],"curies":[{"name":"wp","href":"https:\/\/api.w.org\/{rel}","templated":true}]}}